 of 184263?
8
What is the tens digit of 104493?
9
What is the ten thousands digit of 28459731?
5
What is the tens digit of 301289?
8
What is the tens digit of 311098?
9
What is the hundreds digit of 2049671?
6
What is the tens digit of 5721366?
6
What is the units digit of 1112359?
9
What is the hundreds digit of 2936297?
2
What is the units digit of 43897?
7
What is the tens digit of 533172?
7
What is the hundreds digit of 673500?
5
What is the hundred thousands digit of 4670753?
6
What is the millions digit of 1463414?
1
What is the hundreds digit of 325444?
4
What is the tens digit of 16373564?
6
What is the units digit of 1987546?
6
What is the ten thousands digit of 170888?
7
What is the tens digit of 356323?
2
What is the units digit of 33064?
4
What is the thousands digit of 10250914?
0
What is the thousands digit of 182707?
2
What is the hundreds digit of 11418434?
4
What is the ten thousands digit of 3801492?
0
What is the ten thousands digit of 10986263?
8
What is the ten thousands digit of 481971?
8
What is the units digit of 1594412?
2
What is the millions digit of 1631823?
1
What is the hundreds digit of 730897?
8
What is the units digit of 101647?
7
What is the thousands digit of 3035990?
5
What is the thousands digit of 5582643?
2
What is the ten thousands digit of 34426?
3
What is the ten thousands digit of 253958?
5
What is the hundreds digit of 11020719?
7
What is the tens digit of 5412463?
6
What is the hundred thousands digit of 427343?
4
What is the ten thousands digit of 175524?
7
What is the tens digit of 3177266?
6
What is the thousands digit of 942835?
2
What is the thousands digit of 1347474?
7
What is the hundreds digit of 21885029?
0
What is the units digit of 618171?
1
What is the thousands digit of 486932?
6
What is the ten thousands digit of 32165?
3
What is the thousands digit of 1362984?
2
What is the thousands digit of 120763?
0
What is the thousands digit of 7450756?
0
What is the thousands digit of 59896?
9
What is the thousands digit of 230357?
0
What is the ten thousands digit of 281549?
8
What is the millions digit of 36412329?
6
What is the hundred thousands digit of 2132442?
1
What is the hundred thousands digit of 134004?
1
What is the hundreds digit of 5390622?
6
What is the ten thousands digit of 11992732?
9
What is the units digit of 14299997?
7
What is the hundreds digit of 5090445?
4
What is the units digit of 452247?
7
What is the hundreds digit of 1955074?
0
What is the ten thousands digit of 76023?
7
What is the millions digit of 24183333?
4
What is the ten millions digit of 21089731?
2
What is the thousands digit of 62458?
2
What is the hundred thousands digit of 117662?
1
What is the hundreds digit of 246515?
5
What is the hundreds digit of 846647?
6
What is the ten thousands digit of 7604437?
0
What is the thousands digit of 284758?
4
What is the millions digit of 7690593?
7
What is the ten thousands digit of 1673612?
7
What is the hundred thousands digit of 941670?
9
What is the units digit of 1521567?
7
What is the units digit of 2817260?
0
What is the units digit of 44525?
5
What is the hundred thousands digit of 1546025?
5
What is the thousands digit of 401240?
1
What is the units digit of 5502563?
3
What is the ten thousands digit of 1067458?
6
What is the tens digit of 790548?
4
What is the tens digit of 2177620?
2
What is the ten thousands digit of 1264317?
6
What is the hundred thousands digit of 4856415?
8
What is the tens digit of 9972150?
5
What is the units digit of 50169?
9
What is the hundreds digit of 5554808?
8
What is the hundreds digit of 735496?
4
What is the ten thousands digit of 466964?
6
What is the hundreds digit of 129000?
0
What is the hundred thousands digit of 139278?
1
What is the hundreds digit of 749759?
7
What is the hundreds digit of 8725537?
5
What is the hundred thousands digit of 8827541?
8
What is the ten thousands digit of 16286178?
8
What is the hundred thousands digit of 4993759?
9
What is the hundred thousands digit of 137949?
1
What is the hundred thousands digit of 18563496?
5
What is the tens digit of 5552607?
0
What is the thousands digit of 1166900?
6
What is the hundred thousands digit of 149234?
1
What is the units digit of 1452684?
4
What is the hundreds digit of 8910803?
8
What is the tens digit of 6080522?
2
What is the hundred thousands digit of 114260?
1
What is the ten thousands digit of 9650168?
5
What is the thousands digit of 36924?
6
What is the hundreds digit of 75716?
7
What is the tens digit of 662314?
1
What is the hundreds digit of 2112146?
1
What is the millions digit of 7259893?
7
What is the thousands digit of 3601478?
1
What is the ten thousands digit of 229211?
2
What is the hundreds digit of 220663?
6
What is the tens digit of 369476?
7
What is the tens digit of 443418?
1
What is the hundred thousands digit of 4365192?
3
What is the tens digit of 4872817?
1
What is the tens digit of 2496058?
5
What is the units digit of 21275304?
4
What is the tens digit of 876782?
8
What is the units digit of 23117198?
8
What is the hundreds digit of 68398?
3
What is the hundreds digit of 7525654?
6
What is the units digit of 839641?
1
What is the hundreds digit of 1372430?
4
What is the hundred thousands digit of 720027?
7
What is the units digit of 415226?
6
What is the hundreds digit of 2790299?
2
What is the thousands digit of 10647?
0
What is the hundred thousands digit of 1029322?
0
What is the thousands digit of 579341?
9
What is the thousands digit of 4200177?
0
What is the thousands digit of 7782618?
2
What is the units digit of 524363?
3
What is the tens digit of 6278?
7
What is the tens digit of 889338?
3
What is the hundreds digit of 326941?
9
What is the tens digit of 116132?
3
What is the thousands digit of 6169823?
9
What is the millions digit of 2504208?
2
What is the ten thousands digit of 964003?
6
What is the ten thousands digit of 370998?
7
What is the tens digit of 473845?
4
What is the tens digit of 3245474?
7
What is the millions digit of 1858131?
1
What is the tens digit of 98222?
2
What is the hundred thousands digit of 1675852?
6
What is the units digit of 9665323?
3
What is the hundreds digit of 3482398?
3
What is the units digit of 805550?
0
What is the hundreds digit of 285542?
5
What is the hundred thousands digit of 4183973?
1
What is the ten thousands digit of 135890?
3
What is the units digit of 1375449?
9
What is the ten thousands digit of 463086?
6
What is the units digit of 18577220?
0
What is the hundreds digit of 598117?
1
What is the tens digit of 179360?
6
What is the tens digit of 1169493?
9
What is the ten millions digit of 29028011?
2
What is the tens digit of 4237528?
2
What is the units digit of 10965155?
5
What is the millions digit of 6168069?
6
What is the units digit of 1207852?
2
What is the tens digit of 3344512?
1
What is the units digit of 1759569?
9
What is the millions digit of 7576210?
7
What is the ten thousands digit of 15589203?
8
What is the thousands digit of 2484475?
4
What is the ten thousands digit of 3882470?
8
What is the thousands digit of 1971381?
1
What is the millions digit of 8421790?
8
What is the hundred thousands digit of 6499808?
4
What is the thousands digit of 13163?
3
What is the tens digit of 484898?
9
What is the hundreds digit of 792974?
9
What is the millions digit of 13401533?
3
What is the hundred thousands digit of 323020?
3
What is the millions digit of 1296573?
1
What is the millions digit of 4783273?
4
What is the hundreds digit of 1733928?
9
What is the tens digit of 17403180?
8
What is the thousands digit of 3371721?
1
What is the hundreds digit of 155164?
1
What is the tens digit of 1173301?
0
What is the ten millions digit of 16793041?
1
What is the units digit of 168671?
1
What is the hundred thousands digit of 1112236?
1
What is the millions digit of 4820092?
4
What is the tens digit of 846881?
8
What is the tens digit of 18356189?
8
What is the millions digit of 4349455?
4
What is the units digit of 743106?
6
What is the hundreds digit of 20602748?
7
What is the tens digit of 13216999?
9
What is the tens digit of 742331?
3
What is the hundreds digit of 213290?
2
What is the millions digit of 3934423?
3
What is the tens digit of 9790?
9
What 